{"id":7,"date":"2020-12-03T12:47:54","date_gmt":"2020-12-03T10:47:54","guid":{"rendered":"https:\/\/dev10.getspace.us\/pronagustudija\/?page_id=7"},"modified":"2020-12-14T10:16:21","modified_gmt":"2020-12-14T08:16:21","slug":"pradinis","status":"publish","type":"page","link":"https:\/\/dev10.getspace.us\/pronagustudija\/","title":{"rendered":"Pradinis"},"content":{"rendered":"\t\t<div data-elementor-type=\"wp-page\" data-elementor-id=\"7\" class=\"elementor elementor-7\" data-elementor-settings=\"[]\">\n\t\t\t\t\t\t<div class=\"elementor-inner\">\n\t\t\t\t\t\t\t<div class=\"elementor-section-wrap\">\n\t\t\t\t\t\t\t<section class=\"elementor-section elementor-top-section elementor-element elementor-element-d1a6f58 elementor-section-boxed elementor-section-height-default elementor-section-height-default elementor-invisible\" data-id=\"d1a6f58\" data-element_type=\"section\" data-settings=\"{&quot;background_background&quot;:&quot;classic&quot;,&quot;animation&quot;:&quot;fadeIn&quot;}\">\n\t\t\t\t\t\t\t<div class=\"elementor-background-overlay\"><\/div>\n\t\t\t\t\t\t\t<div class=\"elementor-container elementor-column-gap-default\">\n\t\t\t\t\t\t\t<div class=\"elementor-row\">\n\t\t\t\t\t<div class=\"elementor-column elementor-col-100 elementor-top-column elementor-element elementor-element-6673884\" data-id=\"6673884\" data-element_type=\"column\">\n\t\t\t<div class=\"elementor-column-wrap elementor-element-populated\">\n\t\t\t\t\t\t\t<div class=\"elementor-widget-wrap\">\n\t\t\t\t\t\t<div class=\"elementor-element elementor-element-af9d06b elementor-invisible elementor-widget elementor-widget-text-editor\" data-id=\"af9d06b\" data-element_type=\"widget\" data-settings=\"{&quot;_animation&quot;:&quot;fadeInUp&quot;}\" data-widget_type=\"text-editor.default\">\n\t\t\t\t<div class=\"elementor-widget-container\">\n\t\t\t\t\t<div class=\"elementor-text-editor elementor-clearfix\"><p>Pro nag\u0173 studija &#8211; specializuotas nag\u0173 salonas Kaune<\/p><\/div>\n\t\t\t\t<\/div>\n\t\t\t\t<\/div>\n\t\t\t\t<div class=\"elementor-element elementor-element-87bee98 elementor-align-center elementor-invisible elementor-widget elementor-widget-button\" data-id=\"87bee98\" data-element_type=\"widget\" data-settings=\"{&quot;_animation&quot;:&quot;fadeIn&quot;}\" data-widget_type=\"button.default\">\n\t\t\t\t<div class=\"elementor-widget-container\">\n\t\t\t\t\t<div class=\"elementor-button-wrapper\">\n\t\t\t<a href=\"http:\/\/dev10.getspace.us\/pronagustudija\/paslaugos-kainorastis\" class=\"elementor-button-link elementor-button elementor-size-sm elementor-animation-grow\" role=\"button\">\n\t\t\t\t\t\t<span class=\"elementor-button-content-wrapper\">\n\t\t\t\t\t\t<span class=\"elementor-button-text\">Paslaugos<\/span>\n\t\t<\/span>\n\t\t\t\t\t<\/a>\n\t\t<\/div>\n\t\t\t\t<\/div>\n\t\t\t\t<\/div>\n\t\t\t\t\t\t<\/div>\n\t\t\t\t\t<\/div>\n\t\t<\/div>\n\t\t\t\t\t\t\t\t<\/div>\n\t\t\t\t\t<\/div>\n\t\t<\/section>\n\t\t\t\t<section class=\"elementor-section elementor-top-section elementor-element elementor-element-b2a9b80 elementor-section-boxed elementor-section-height-default elementor-section-height-default\" data-id=\"b2a9b80\" data-element_type=\"section\">\n\t\t\t\t\t\t<div class=\"elementor-container elementor-column-gap-default\">\n\t\t\t\t\t\t\t<div class=\"elementor-row\">\n\t\t\t\t\t<div class=\"elementor-column elementor-col-100 elementor-top-column elementor-element elementor-element-46bf247\" data-id=\"46bf247\" data-element_type=\"column\">\n\t\t\t<div class=\"elementor-column-wrap elementor-element-populated\">\n\t\t\t\t\t\t\t<div class=\"elementor-widget-wrap\">\n\t\t\t\t\t\t<div class=\"elementor-element elementor-element-cc45c16 elementor-widget elementor-widget-menu-anchor\" data-id=\"cc45c16\" data-element_type=\"widget\" data-widget_type=\"menu-anchor.default\">\n\t\t\t\t<div class=\"elementor-widget-container\">\n\t\t\t\t\t<div id=\"apiemus\" class=\"elementor-menu-anchor\"><\/div>\n\t\t\t\t<\/div>\n\t\t\t\t<\/div>\n\t\t\t\t\t\t<\/div>\n\t\t\t\t\t<\/div>\n\t\t<\/div>\n\t\t\t\t\t\t\t\t<\/div>\n\t\t\t\t\t<\/div>\n\t\t<\/section>\n\t\t\t\t<section class=\"elementor-section elementor-top-section elementor-element elementor-element-08cdb19 elementor-section-boxed elementor-section-height-default elementor-section-height-default\" data-id=\"08cdb19\" data-element_type=\"section\">\n\t\t\t\t\t\t<div class=\"elementor-container elementor-column-gap-no\">\n\t\t\t\t\t\t\t<div class=\"elementor-row\">\n\t\t\t\t\t<div class=\"elementor-column elementor-col-100 elementor-top-column elementor-element elementor-element-0e681c0\" data-id=\"0e681c0\" data-element_type=\"column\">\n\t\t\t<div class=\"elementor-column-wrap elementor-element-populated\">\n\t\t\t\t\t\t\t<div class=\"elementor-widget-wrap\">\n\t\t\t\t\t\t<div class=\"elementor-element elementor-element-3ea7ded elementor-invisible elementor-widget elementor-widget-heading\" data-id=\"3ea7ded\" data-element_type=\"widget\" data-settings=\"{&quot;_animation&quot;:&quot;fadeIn&quot;}\" data-widget_type=\"heading.default\">\n\t\t\t\t<div class=\"elementor-widget-container\">\n\t\t\t<h2 class=\"elementor-heading-title elementor-size-default\">Pas mus dirba kvalifikuoti maniki\u016bro specialistai, kurie nuolat tobulinasi ir kelia savo kvalifikacij\u0105. <\/h2>\t\t<\/div>\n\t\t\t\t<\/div>\n\t\t\t\t<section class=\"elementor-section elementor-inner-section elementor-element elementor-element-6fecd7d elementor-section-boxed elementor-section-height-default elementor-section-height-default elementor-invisible\" data-id=\"6fecd7d\" data-element_type=\"section\" data-settings=\"{&quot;animation&quot;:&quot;fadeIn&quot;}\">\n\t\t\t\t\t\t<div class=\"elementor-container elementor-column-gap-default\">\n\t\t\t\t\t\t\t<div class=\"elementor-row\">\n\t\t\t\t\t<div class=\"elementor-column elementor-col-33 elementor-inner-column elementor-element elementor-element-bb16dcc\" data-id=\"bb16dcc\" data-element_type=\"column\">\n\t\t\t<div class=\"elementor-column-wrap elementor-element-populated\">\n\t\t\t\t\t\t\t<div class=\"elementor-widget-wrap\">\n\t\t\t\t\t\t<div class=\"elementor-element elementor-element-a519aa8 elementor-widget elementor-widget-image\" data-id=\"a519aa8\" data-element_type=\"widget\" data-widget_type=\"image.default\">\n\t\t\t\t<div class=\"elementor-widget-container\">\n\t\t\t\t\t<div class=\"elementor-image\">\n\t\t\t\t\t\t\t\t\t\t<img width=\"2560\" height=\"1744\" src=\"https:\/\/dev10.getspace.us\/pronagustudija\/wp-content\/uploads\/2020\/12\/IMG_20191204_140251-scaled.jpg\" class=\"attachment-full size-full\" alt=\"\" loading=\"lazy\" srcset=\"https:\/\/dev10.getspace.us\/pronagustudija\/wp-content\/uploads\/2020\/12\/IMG_20191204_140251-scaled.jpg 2560w, https:\/\/dev10.getspace.us\/pronagustudija\/wp-content\/uploads\/2020\/12\/IMG_20191204_140251-300x204.jpg 300w, https:\/\/dev10.getspace.us\/pronagustudija\/wp-content\/uploads\/2020\/12\/IMG_20191204_140251-1024x697.jpg 1024w, https:\/\/dev10.getspace.us\/pronagustudija\/wp-content\/uploads\/2020\/12\/IMG_20191204_140251-768x523.jpg 768w, https:\/\/dev10.getspace.us\/pronagustudija\/wp-content\/uploads\/2020\/12\/IMG_20191204_140251-1536x1046.jpg 1536w, https:\/\/dev10.getspace.us\/pronagustudija\/wp-content\/uploads\/2020\/12\/IMG_20191204_140251-2048x1395.jpg 2048w\" sizes=\"(max-width: 2560px) 100vw, 2560px\" \/>\t\t\t\t\t\t\t\t\t\t\t<\/div>\n\t\t\t\t<\/div>\n\t\t\t\t<\/div>\n\t\t\t\t\t\t<\/div>\n\t\t\t\t\t<\/div>\n\t\t<\/div>\n\t\t\t\t<div class=\"elementor-column elementor-col-33 elementor-inner-column elementor-element elementor-element-5b18daf\" data-id=\"5b18daf\" data-element_type=\"column\">\n\t\t\t<div class=\"elementor-column-wrap elementor-element-populated\">\n\t\t\t\t\t\t\t<div class=\"elementor-widget-wrap\">\n\t\t\t\t\t\t<div class=\"elementor-element elementor-element-0154c2c elementor-hidden-phone elementor-widget elementor-widget-image\" data-id=\"0154c2c\" data-element_type=\"widget\" data-widget_type=\"image.default\">\n\t\t\t\t<div class=\"elementor-widget-container\">\n\t\t\t\t\t<div class=\"elementor-image\">\n\t\t\t\t\t\t\t\t\t\t<img width=\"2560\" height=\"1679\" src=\"https:\/\/dev10.getspace.us\/pronagustudija\/wp-content\/uploads\/2020\/12\/IMG_20191204_140517-scaled.jpg\" class=\"attachment-full size-full\" alt=\"\" loading=\"lazy\" srcset=\"https:\/\/dev10.getspace.us\/pronagustudija\/wp-content\/uploads\/2020\/12\/IMG_20191204_140517-scaled.jpg 2560w, https:\/\/dev10.getspace.us\/pronagustudija\/wp-content\/uploads\/2020\/12\/IMG_20191204_140517-300x197.jpg 300w, https:\/\/dev10.getspace.us\/pronagustudija\/wp-content\/uploads\/2020\/12\/IMG_20191204_140517-1024x672.jpg 1024w, https:\/\/dev10.getspace.us\/pronagustudija\/wp-content\/uploads\/2020\/12\/IMG_20191204_140517-768x504.jpg 768w, https:\/\/dev10.getspace.us\/pronagustudija\/wp-content\/uploads\/2020\/12\/IMG_20191204_140517-1536x1007.jpg 1536w, https:\/\/dev10.getspace.us\/pronagustudija\/wp-content\/uploads\/2020\/12\/IMG_20191204_140517-2048x1343.jpg 2048w\" sizes=\"(max-width: 2560px) 100vw, 2560px\" \/>\t\t\t\t\t\t\t\t\t\t\t<\/div>\n\t\t\t\t<\/div>\n\t\t\t\t<\/div>\n\t\t\t\t\t\t<\/div>\n\t\t\t\t\t<\/div>\n\t\t<\/div>\n\t\t\t\t<div class=\"elementor-column elementor-col-33 elementor-inner-column elementor-element elementor-element-467b7b6\" data-id=\"467b7b6\" data-element_type=\"column\">\n\t\t\t<div class=\"elementor-column-wrap elementor-element-populated\">\n\t\t\t\t\t\t\t<div class=\"elementor-widget-wrap\">\n\t\t\t\t\t\t<div class=\"elementor-element elementor-element-fd8a4b2 elementor-hidden-phone elementor-widget elementor-widget-image\" data-id=\"fd8a4b2\" data-element_type=\"widget\" data-widget_type=\"image.default\">\n\t\t\t\t<div class=\"elementor-widget-container\">\n\t\t\t\t\t<div class=\"elementor-image\">\n\t\t\t\t\t\t\t\t\t\t<img width=\"1627\" height=\"915\" src=\"https:\/\/dev10.getspace.us\/pronagustudija\/wp-content\/uploads\/2020\/12\/received_1418691645187924.jpeg\" class=\"attachment-full size-full\" alt=\"\" loading=\"lazy\" srcset=\"https:\/\/dev10.getspace.us\/pronagustudija\/wp-content\/uploads\/2020\/12\/received_1418691645187924.jpeg 1627w, https:\/\/dev10.getspace.us\/pronagustudija\/wp-content\/uploads\/2020\/12\/received_1418691645187924-300x169.jpeg 300w, https:\/\/dev10.getspace.us\/pronagustudija\/wp-content\/uploads\/2020\/12\/received_1418691645187924-1024x576.jpeg 1024w, https:\/\/dev10.getspace.us\/pronagustudija\/wp-content\/uploads\/2020\/12\/received_1418691645187924-768x432.jpeg 768w, https:\/\/dev10.getspace.us\/pronagustudija\/wp-content\/uploads\/2020\/12\/received_1418691645187924-1536x864.jpeg 1536w\" sizes=\"(max-width: 1627px) 100vw, 1627px\" \/>\t\t\t\t\t\t\t\t\t\t\t<\/div>\n\t\t\t\t<\/div>\n\t\t\t\t<\/div>\n\t\t\t\t\t\t<\/div>\n\t\t\t\t\t<\/div>\n\t\t<\/div>\n\t\t\t\t\t\t\t\t<\/div>\n\t\t\t\t\t<\/div>\n\t\t<\/section>\n\t\t\t\t<div class=\"elementor-element elementor-element-9688b1d elementor-invisible elementor-widget elementor-widget-heading\" data-id=\"9688b1d\" data-element_type=\"widget\" data-settings=\"{&quot;_animation&quot;:&quot;fadeIn&quot;}\" data-widget_type=\"heading.default\">\n\t\t\t\t<div class=\"elementor-widget-container\">\n\t\t\t<h2 class=\"elementor-heading-title elementor-size-default\">M\u016bs\u0173 atliekamos paslaugos:<\/h2>\t\t<\/div>\n\t\t\t\t<\/div>\n\t\t\t\t<section class=\"elementor-section elementor-inner-section elementor-element elementor-element-5cf40b0 elementor-section-boxed elementor-section-height-default elementor-section-height-default\" data-id=\"5cf40b0\" data-element_type=\"section\">\n\t\t\t\t\t\t<div class=\"elementor-container elementor-column-gap-default\">\n\t\t\t\t\t\t\t<div class=\"elementor-row\">\n\t\t\t\t\t<div class=\"elementor-column elementor-col-100 elementor-inner-column elementor-element elementor-element-d0ebb39\" data-id=\"d0ebb39\" data-element_type=\"column\">\n\t\t\t<div class=\"elementor-column-wrap elementor-element-populated\">\n\t\t\t\t\t\t\t<div class=\"elementor-widget-wrap\">\n\t\t\t\t\t\t<div class=\"elementor-element elementor-element-d2e9eb1 elementor-invisible elementor-widget elementor-widget-text-editor\" data-id=\"d2e9eb1\" data-element_type=\"widget\" data-settings=\"{&quot;_animation&quot;:&quot;fadeInUp&quot;}\" data-widget_type=\"text-editor.default\">\n\t\t\t\t<div class=\"elementor-widget-container\">\n\t\t\t\t\t<div class=\"elementor-text-editor elementor-clearfix\"><p>Maniki\u016bras, gelinis lakavimas, gelini\u0173 nag\u0173 korekcija, pediki\u016bras, antaki\u0173 korekcija.<\/p><p>Mes dirbame pagal naujausias technologijas ir\u00a0 dirbame tik su auk\u0161tos kokyb\u0117s priemon\u0117m.<\/p><\/div>\n\t\t\t\t<\/div>\n\t\t\t\t<\/div>\n\t\t\t\t\t\t<\/div>\n\t\t\t\t\t<\/div>\n\t\t<\/div>\n\t\t\t\t\t\t\t\t<\/div>\n\t\t\t\t\t<\/div>\n\t\t<\/section>\n\t\t\t\t<div class=\"elementor-element elementor-element-217307d elementor-widget-divider--view-line elementor-invisible elementor-widget elementor-widget-divider\" data-id=\"217307d\" data-element_type=\"widget\" data-settings=\"{&quot;_animation&quot;:&quot;fadeInUp&quot;}\" data-widget_type=\"divider.default\">\n\t\t\t\t<div class=\"elementor-widget-container\">\n\t\t\t\t\t<div class=\"elementor-divider\">\n\t\t\t<span class=\"elementor-divider-separator\">\n\t\t\t\t\t\t<\/span>\n\t\t<\/div>\n\t\t\t\t<\/div>\n\t\t\t\t<\/div>\n\t\t\t\t<div class=\"elementor-element elementor-element-8f229eb elementor-invisible elementor-widget elementor-widget-heading\" data-id=\"8f229eb\" data-element_type=\"widget\" data-settings=\"{&quot;_animation&quot;:&quot;fadeIn&quot;}\" data-widget_type=\"heading.default\">\n\t\t\t\t<div class=\"elementor-widget-container\">\n\t\t\t<h2 class=\"elementor-heading-title elementor-size-default\">Pro mokym\u0173 studija<\/h2>\t\t<\/div>\n\t\t\t\t<\/div>\n\t\t\t\t<div class=\"elementor-element elementor-element-65a17e4 elementor-invisible elementor-widget elementor-widget-text-editor\" data-id=\"65a17e4\" data-element_type=\"widget\" data-settings=\"{&quot;_animation&quot;:&quot;fadeInUp&quot;}\" data-widget_type=\"text-editor.default\">\n\t\t\t\t<div class=\"elementor-widget-container\">\n\t\t\t\t\t<div class=\"elementor-text-editor elementor-clearfix\"><p>Esame mokym\u0173 studija, kuri ruo\u0161ia profesionalius gro\u017eio specialistus. Rengiame maniki\u016bro mokymus, ilgalaikio lakavimo ir nag\u0173 priauginimo mokymus, taip pat rengiame nag\u0173 tobulinimosi kursus profesionalams,jau dirbantiems meistrams.<\/p><p>Daugiau apie mokymus:<\/p><\/div>\n\t\t\t\t<\/div>\n\t\t\t\t<\/div>\n\t\t\t\t<div class=\"elementor-element elementor-element-6af3d22 elementor-shape-circle elementor-grid-0 elementor-invisible elementor-widget elementor-widget-social-icons\" data-id=\"6af3d22\" data-element_type=\"widget\" data-settings=\"{&quot;_animation&quot;:&quot;fadeInUp&quot;}\" data-widget_type=\"social-icons.default\">\n\t\t\t\t<div class=\"elementor-widget-container\">\n\t\t\t\t\t<div class=\"elementor-social-icons-wrapper elementor-grid\">\n\t\t\t\t\t\t\t<div class=\"elementor-grid-item\">\n\t\t\t\t\t<a class=\"elementor-icon elementor-social-icon elementor-social-icon-facebook elementor-animation-grow elementor-repeater-item-9411a1b\" href=\"https:\/\/www.facebook.com\/JuditaAlek\/\" target=\"_blank\">\n\t\t\t\t\t\t<span class=\"elementor-screen-only\">Facebook<\/span>\n\t\t\t\t\t\t<i class=\"fab fa-facebook\"><\/i>\t\t\t\t\t<\/a>\n\t\t\t\t<\/div>\n\t\t\t\t\t\t\t<div class=\"elementor-grid-item\">\n\t\t\t\t\t<a class=\"elementor-icon elementor-social-icon elementor-social-icon-instagram elementor-animation-grow elementor-repeater-item-4332cf6\" href=\"https:\/\/www.instagram.com\/promokymustudija\/\" target=\"_blank\">\n\t\t\t\t\t\t<span class=\"elementor-screen-only\">Instagram<\/span>\n\t\t\t\t\t\t<i class=\"fab fa-instagram\"><\/i>\t\t\t\t\t<\/a>\n\t\t\t\t<\/div>\n\t\t\t\t\t<\/div>\n\t\t\t\t<\/div>\n\t\t\t\t<\/div>\n\t\t\t\t\t\t<\/div>\n\t\t\t\t\t<\/div>\n\t\t<\/div>\n\t\t\t\t\t\t\t\t<\/div>\n\t\t\t\t\t<\/div>\n\t\t<\/section>\n\t\t\t\t\t\t<\/div>\n\t\t\t\t\t\t<\/div>\n\t\t\t\t\t<\/div>\n\t\t","protected":false},"excerpt":{"rendered":"<p>Pro nag\u0173 studija &#8211; specializuotas nag\u0173 salonas Kaune Paslaugos Pas mus dirba kvalifikuoti maniki\u016bro specialistai, kurie nuolat tobulinasi ir kelia savo kvalifikacij\u0105. M\u016bs\u0173 atliekamos paslaugos: Maniki\u016bras, gelinis lakavimas, gelini\u0173 nag\u0173 korekcija, pediki\u016bras, antaki\u0173 korekcija. Mes dirbame pagal naujausias technologijas ir\u00a0 dirbame tik su auk\u0161tos kokyb\u0117s priemon\u0117m. Pro mokym\u0173 studija Esame mokym\u0173 studija, kuri ruo\u0161ia profesionalius [&hellip;]<\/p>\n","protected":false},"author":1,"featured_media":0,"parent":0,"menu_order":0,"comment_status":"closed","ping_status":"closed","template":"elementor_header_footer","meta":[],"_links":{"self":[{"href":"https:\/\/dev10.getspace.us\/pronagustudija\/wp-json\/wp\/v2\/pages\/7"}],"collection":[{"href":"https:\/\/dev10.getspace.us\/pronagustudija\/wp-json\/wp\/v2\/pages"}],"about":[{"href":"https:\/\/dev10.getspace.us\/pronagustudija\/wp-json\/wp\/v2\/types\/page"}],"author":[{"embeddable":true,"href":"https:\/\/dev10.getspace.us\/pronagustudija\/wp-json\/wp\/v2\/users\/1"}],"replies":[{"embeddable":true,"href":"https:\/\/dev10.getspace.us\/pronagustudija\/wp-json\/wp\/v2\/comments?post=7"}],"version-history":[{"count":91,"href":"https:\/\/dev10.getspace.us\/pronagustudija\/wp-json\/wp\/v2\/pages\/7\/revisions"}],"predecessor-version":[{"id":568,"href":"https:\/\/dev10.getspace.us\/pronagustudija\/wp-json\/wp\/v2\/pages\/7\/revisions\/568"}],"wp:attachment":[{"href":"https:\/\/dev10.getspace.us\/pronagustudija\/wp-json\/wp\/v2\/media?parent=7"}],"curies":[{"name":"wp","href":"https:\/\/api.w.org\/{rel}","templated":true}]}}